 + 15*z**2 + 18*z - 2. Suppose w = 3*w + 28. Let x be i(w). Let s = x + 108. What are the prime factors of s?
2, 5
List the prime factors of (150/(-675) + (-99616)/(-18))*(-10)/(-4).
5, 2767
Suppose -5*d + g + 65300 = 0, 4*d + 14*g - 52256 = 18*g. List the prime factors of d.
3, 1451
Suppose -2*g - 4*y = -6*y - 4, 0 = -2*y - 4. Suppose 4*i + 20*i - 7368 = g. List the prime factors of i.
307
Suppose -62*y = -15*y - 17232 - 62104. List the prime factors of y.
2, 211
Suppose -3*m = 5*r - 12, -3*m = 2*r - 20 + 8. Suppose r = 4*a - 3*a - 356. List the prime factors of a.
2, 89
Let h = 13 - 10. Suppose -4*l - 14 = -3*d, l + h = d - 1. Let i(a) = 3*a**2 - 6. List the prime factors of i(l).
2, 3
Let n be ((-15)/4)/((8/32)/(-1)). Suppose n*q - q = 1372. What are the prime factors of q?
2, 7
Suppose -2*t = 5*r - 5*t - 25444, -9 = 3*t. Suppose 9953 - 3166 = 4*y + 3*q, -3*y = -q - r. List the prime factors of y.
2, 53
Let c(s) = 7*s**2 + 14*s - 44. Let k be (-1005)/(-120) + (-9)/24. List the prime factors of c(k).
2, 3, 43
Let v(k) = k**3 - 11*k**2 - 16*k + 713. List the prime factors of v(29).
3, 23, 223
Let m(a) = -109*a**2 - a - 10. Let g be m(-7). What are the prime factors of 21/14*g/(-12)?
2, 167
Suppose 258109 + 159209 = 25*g + 90018. List the prime factors of g.
2, 3, 1091
Suppose -4 = 4*i, -3*i + 2 = 5*u - 0*u. Let b(x) = -13*x - 9 + 2*x**2 - u + 23 - 10. List the prime factors of b(13).
2, 43
Let l(q) = -66*q - 63. Let c be l(7). Let b = -189 - c. What are the prime factors of b?
2, 3, 7
Let n be 3/(-1 - 3/(-2)). Let t be n/(-21) - 90/(-21)*1. List the prime factors of 4/3*(261 + 3)/t.
2, 11
Let c(n) be the first derivative of 9*n**2/2 - 34*n + 70. What are the prime factors of c(5)?
11
Let w = 1936 - -2836. Let l = 8040 - w. List the prime factors of l/28 - 6/(-21).
3, 13
Let s be (-4)/20 + 84/(-30). Let q be s - (3 - 0 - 7). What are the prime factors of (-9 - -4) + 152 - q/1?
2, 73
Let h = -606 - -606. Suppose h = 10*c - 158 - 32. List the prime factors of c.
19
Suppose 87*g - 78*g + 78955 = f, -f + 2*g + 78969 = 0. List the prime factors of f.
151, 523
Suppose 32067 = 2*d + 5*d - 4*d. List the prime factors of d.
3, 7, 509
Let r(s) = 6*s - 40. Let c be r(7). Let a be ((-24)/30)/(c/10). What are the prime factors of 78 - (0 + a - 0)?
2, 41
Let y(s) = 11*s - 33. Let u = 90 + -87. Let d be y(u). Suppose 17*w - 22*w + 555 = d. List the prime factors of w.
3, 37
Let b = 461 - 977. Let f = -135 - b. What are the prime factors of f?
3, 127
Let m be (-328)/(-4)*(41 - 10). Suppose -19*k + 15774 = -m. List the prime factors of k.
2, 241
Suppose 0 = 2*z - 4*z - 2*r - 4, -r = 5*z - 10. Suppose 0 = z*w + 2*k - 416, w - 536 = -3*w + 2*k. Let b = w - 94. List the prime factors of b.
2, 3, 7
Let z(p) = p**3 - 72*p**2 + 231*p - 82. What are the prime factors of z(70)?
2, 3, 131
Let f(c) = c**3 + 59*c**2 + 42*c - 99. Let o be f(-58). Let u = o - 623. List the prime factors of u.
2, 103
List the prime factors of (53035/40)/(9/144) + 4 + 0.
2, 103
Let l(y) be the first derivative of y**5/30 + 19*y**4/24 + 5*y**3 + 2*y**2 + 9. Let d(p) be the second derivative of l(p). What are the prime factors of d(-12)?
2, 3, 5
Let c = -649 + 1087. Suppose 6*y - 12*y = -c. List the prime factors of y.
73
Let a(g) be the third derivative of g**6/120 + g**5/20 + 5*g**4/24 - 17*g**3/6 - 2*g**2. Let u be a(5). Let w = -117 + u. What are the prime factors of w?
7, 13
Let r = 699 + -694. Let k(x) = -126*x - 3. Let i be k(-2). Suppose -b = b + 3*o - i, -2*o = -r*b + 575. What are the prime factors of b?
3, 13
Suppose 3*d - 21 = -3*a, 2*a = -2*a - 5*d + 33. Let t(f) = -4*f**a - 3 + 2*f + 6*f**2 - 26. What are the prime factors of t(-9)?
5, 23
Suppose 0 = 10*u + 54 + 6. Let d(a) = a**2 + 9*a + 20. Let c be d(u). Suppose -5*s + c*l + 616 = -0*s, -3*s + 375 = -3*l. List the prime factors of s.
2, 61
Let f(t) = -4*t**2 - 184*t + 146. What are the prime factors of f(-36)?
2, 13, 61
Suppose -138*z + 127*z + 81*z - 983500 = 0. List the prime factors of z.
2, 5, 281
What are the prime factors of 16*(-112)/(-96)*(-3807)/(-4)?
2, 3, 7, 47
Let k(x) = -26 + 5936*x - 5995*x + 1. What are the prime factors of k(-5)?
2, 3, 5
Let i(d) = 69*d - 90. List the prime factors of i(9).
3, 59
Let v = -131 + 123. List the prime factors of 666/(4 - v/(-4)).
3, 37
Suppose -h + 5*a = 3*h + 271, -h - 2*a = 58. What are the prime factors of (4/(-9))/(h/65952)?
2, 229
Let p(i) = 1561*i - 654. List the prime factors of p(4).
2, 5, 13, 43
Let i = -5329 - -11614. What are the prime factors of i?
3, 5, 419
Let j(t) = t**2 - 2*t - 37. Let l be j(8). Suppose l*g + 1109 = 4717. List the prime factors of g.
2, 41
Let t(y) = y**3 - 10*y**2 + 4. Let g be t(10). Let b(q) = 14*q - 3. Let x(h) = -29*h + 5. Let z(p) = g*x(p) + 9*b(p). What are the prime factors of z(5)?
43
Let v(w) = 567*w**3 - 2*w**2 + 8*w - 10. List the prime factors of v(2).
2, 2267
Suppose 0 = -67*y + 357573 + 414549 + 141423. List the prime factors of y.
3, 5, 101
Suppose -3*h = -h - 6*h. Suppose 4 = x, 0 = -3*i - h*x + 4*x - 4. Suppose -4*q - f + 20 = 0, -i*f - 17 = -5*q + 8. What are the prime factors of q?
5
Suppose -7*n = -6*n - 5. Let l = 1057 - n. Suppose -l = -13*z - 194. List the prime factors of z.
2, 3, 11
Let b(p) be the first derivative of p**3/3 + 9*p**2/2 + 20*p + 6. Let l be b(-5). Suppose 6*w - w - 725 = l. What are the prime factors of w?
5, 29
Let w = 16086 + -6938. What are the prime factors of w?
2, 2287
Suppose 14*j - 3*j + 18*j = 0. Suppose 307 - 1200 = -4*x + 3*t, -5*t + 5 = j. What are the prime factors of x?
2, 7
Let p(x) = -123*x + 785. What are the prime factors of p(-13)?
2, 149
Let p be 72/90*(-6)/4*10. Let c(f) = 4*f**2 - 24 - 3*f**2 - f**2 + 4*f + f**2. What are the prime factors of c(p)?
2, 3
Suppose 0 = -6*l - 7 + 25. Let a be (l - 4)*-1*-94. Let d = 162 + a. List the prime factors of d.
2, 17
Let z(y) = -y**3 + 12*y**2 + 7*y - 5. Let a be z(10). Let b = a - -242. What are the prime factors of b?
3, 13
Let c = -59 - -54. Let u be (c/(-2))/((-105)/(-14) - 7). Suppose u*n = 3*i + 67, 2*n + i - 14 = -i. What are the prime factors of n?
11
Suppose -2*x = -7*x + 7100. Let g = 2167 - x. List the prime factors of 4 + g/4 + (-2)/(-8).
191
Let r(i) = 3*i - 20. Let j be r(10). Suppose -x - 4 = 0, -5*d + 605 = 5*x - j*x. Let h = -101 + d. What are the prime factors of h?
2
What are the prime factors of ((-2817)/(-2))/((-51)/(-102))?
3, 313
What are the prime factors of 30929 - ((-60)/(-6))/1?
7, 631
Let s(i) be the first derivative of -2*i**3/3 - 4*i**2 - 22*i - 8. Let f(x) be the first derivative of s(x). List the prime factors of f(-7).
2, 5
Suppose 3*d - 1424 = 18451. List the prime factors of d.
5, 53
Suppose 17*k - 11*k = -30. List the prime factors of 0 + 70 + 25/k.
5, 13
Let p(r) = -3*r + 6. Let g(n) = -23*n + n**2 - 2*n**2 + 22*n + 7*n**3. Let q be g(-1). List the prime factors of p(q).
3
Let n be (-2)/5 + (-40888)/(-20) + 0. Suppose -6*i = 124 - n. What are the prime factors of i?
2, 5
Let t be (-11715)/6 - 40/(-16). Let y = t - -2744. List the prime factors of y.
2, 397
Suppose 142*r = 2280027 + 2114021. List the prime factors of r.
2, 967
Let a be (14 + -13)*1*12/3. Suppose 4*h - 5*h + 971 = 3*s, 0 = -a*h + 20. List the prime factors of s.
2, 7, 23
Let j = 334 - 259. Suppose -j*q + 64*q = -6930. What are the prime factors of q?
2, 3, 5, 7
Let s(i) = 14*i + 20. Let k be s(-1). Suppose 0 = k*p + 57 - 747. List the prime factors of p.
5, 23
Let v(r) = r**3 - 9*r**2 - 2*r + 28. Let m be v(9). Suppose 0 = -2*s - m, -2*n + 5*s = -157 - 280. What are the prime factors of n?
2, 103
Suppose 0 = 471*f - 469*f + 2*t - 22172, 5*t = -3*f + 33258. What are the prime factors of f?
2, 23, 241
Let q = 2278 - -257. List the prime factors of q.
3, 5, 13
Suppose -2*c + 99 - 97 = 0. Let b(l) = -c + 2 - 463*l + 373*l + 4. List the prime factors of b(-2).
5, 37
Let z(h) = -h**3 + 14*h**2 + 20*h - 18. Let u be z(15). Let j = u + 96. Suppose -j = -5*q + 2*q. What are the prime factors of q?
3, 17
Suppose 0 = -4*g - 4*p + 84276, -g + 21075 = 27*p - 24*p. List the prime factors of g.
2, 3, 3511
Let n(j) = j**2 - 8*j + 20. Let i be n(3). Suppose 2*p + 696 + 455 = -u, 0 = -4*p + i*u - 2281. Let m = -378 - p. List the prime factors of m.
2, 7
Suppo